{"id":5,"date":"2017-03-29T19:23:14","date_gmt":"2017-03-29T17:23:14","guid":{"rendered":"https:\/\/arduinoforlammers.wordpress.com\/?page_id=2"},"modified":"2018-04-14T14:09:42","modified_gmt":"2018-04-14T12:09:42","slug":"about","status":"publish","type":"page","link":"https:\/\/arduino.net.pl\/index.php\/about\/","title":{"rendered":"o stronie"},"content":{"rendered":"<p>Kilka lat\u00a0temu us\u0142ysza\u0142em o platformie\u00a0Arduino. Naby\u0142em starter-kit z p\u0142ytk\u0105 Arduino Uno. (Oryginaln\u0105, bo tylko takie wtedy by\u0142y). Rzuci\u0142em si\u0119 w wir\u00a0programowania oraz zg\u0142\u0119biania tajnik\u00f3w elektroniki. Zbudowa\u0142em kilka prostych\u00a0urz\u0105dze\u0144\u00a0w\u015br\u00f3d kt\u00f3rych by\u0142\u00a0wy\u0142\u0105cznik lampki przy telewizorze uruchamiany z\u00a0pomoc\u0105 pilota tv. By\u0142o to bardzo przydatne urz\u0105dzenie, niestety jego koszt (ponad 100 z\u0142 wliczaj\u0105c p\u0142ytk\u0119 Arduino)\u00a0nie nastraja\u0142 optymistycznie.\u00a0W\u00f3wczas Arduino nie by\u0142o tak popularne jak teraz, tanie klony si\u0119 dopiero projektowa\u0142y, a Chiny kojarzy\u0142y wy\u0142\u0105cznie z tandet\u0105. Mia\u0142em te\u017c du\u017co mniej czasu na hobby, wi\u0119c p\u0142ytka ze starterem wyl\u0105dowa\u0142a w szufladzie.<br \/>\nNiedawno powr\u00f3ci\u0142em do tematu. Zacz\u0105\u0142em grzeba\u0107 w sieci i odkry\u0142em, \u017ce przez kilka lat na temat Arduino powsta\u0142a olbrzymia masa stron, poradnik\u00f3w, filmik\u00f3w,\u00a0stworzono nowe biblioteki, kt\u00f3re nie zawsze pasuj\u0105 do modu\u0142\u00f3w. Z jednej strony to \u015bwietna sytuacja, bo materia\u0142u jest sporo, ale z drugiej nast\u0105pi\u0142 w tym wzgl\u0119dzie prawdziwy chaos. Pomy\u015bla\u0142em, \u017ce postaram si\u0119 uporz\u0105dkowa\u0107 sytuacj\u0119 co\u00a0nieco, tworz\u0105c stron\u0119. U\u0142atwi mi to budowanie bardziej rozbudowanych uk\u0142ad\u00f3w, a tak\u017ce zrozumienie ich podstaw dzia\u0142ania. Mo\u017ce te\u017c\u00a0opr\u00f3cz mnie, pomo\u017ce innym pocz\u0105tkuj\u0105cym\u00a0lamerom i oszcz\u0119dzi nerw\u00f3w i rozczarowa\u0144, albo nawet uratuje jaki\u015b zwi\u0105zek. Nie ma bowiem nic gorszego jak uporczywie niemrugaj\u0105cy led, mimo instalacji 27-mej biblioteki.<\/p>\n<p><em>Edit marzec 2018<\/em><\/p>\n<p>Pracuj\u0105c z Arduino zda\u0142em sobie spraw\u0119 z moich niedostatecznych umiej\u0119tno\u015bci programistycznych. Postanowi\u0142em zg\u0142\u0119bi\u0107 kilka nowszych j\u0119zyk\u00f3w (moja edukacja sko\u0144czy\u0142a si\u0119 wiele lat temu na Algol-u, C i Basic-u). <\/p>\n","protected":false},"excerpt":{"rendered":"<p>This is just a short excerpt for the about&nbsp;page.<\/p>\n","protected":false},"author":3,"featured_media":0,"parent":0,"menu_order":1,"comment_status":"closed","ping_status":"closed","template":"","meta":{"_monsterinsights_skip_tracking":false,"_monsterinsights_sitenote_active":false,"_monsterinsights_sitenote_note":"","_monsterinsights_sitenote_category":0,"footnotes":""},"class_list":["post-5","page","type-page","status-publish","hentry"],"aioseo_notices":[],"_links":{"self":[{"href":"https:\/\/arduino.net.pl\/index.php\/wp-json\/wp\/v2\/pages\/5","targetHints":{"allow":["GET"]}}],"collection":[{"href":"https:\/\/arduino.net.pl\/index.php\/wp-json\/wp\/v2\/pages"}],"about":[{"href":"https:\/\/arduino.net.pl\/index.php\/wp-json\/wp\/v2\/types\/page"}],"author":[{"embeddable":true,"href":"https:\/\/arduino.net.pl\/index.php\/wp-json\/wp\/v2\/users\/3"}],"replies":[{"embeddable":true,"href":"https:\/\/arduino.net.pl\/index.php\/wp-json\/wp\/v2\/comments?post=5"}],"version-history":[{"count":4,"href":"https:\/\/arduino.net.pl\/index.php\/wp-json\/wp\/v2\/pages\/5\/revisions"}],"predecessor-version":[{"id":1546,"href":"https:\/\/arduino.net.pl\/index.php\/wp-json\/wp\/v2\/pages\/5\/revisions\/1546"}],"wp:attachment":[{"href":"https:\/\/arduino.net.pl\/index.php\/wp-json\/wp\/v2\/media?parent=5"}],"curies":[{"name":"wp","href":"https:\/\/api.w.org\/{rel}","templated":true}]}}